{"id":5410,"date":"2021-01-07T18:32:04","date_gmt":"2021-01-07T17:32:04","guid":{"rendered":"https:\/\/www.albarella.it\/per-le-aziende\/"},"modified":"2022-03-09T15:31:45","modified_gmt":"2022-03-09T14:31:45","slug":"albarella-fuer-firmenevents","status":"publish","type":"page","link":"https:\/\/www.albarella.it\/de\/albarella-fuer-firmenevents\/","title":{"rendered":"Albarella f\u00fcr Firmenevents"},"content":{"rendered":"<p>Die Insel Albarella liegt im Herzen des Regionalpark Po-Deltas, der zum UNESCO-Weltnaturerbe geh\u00f6rt. Umgeben von einer einzigartigen Landschaft, lockt sie mit Lagunen, Strandkiefernw\u00e4ldern und einer gro\u00dffl\u00e4chigen Natur und ist dank eines umfassenden Serviceangebots wie geschaffen f\u00fcr Firmentreffen, Incentive-Reisen, Teambuilding, Seminare und Firmenevents in v\u00f6lliger Sicherheit und in einem geschlossenen Rahmen.<\/p>\n","protected":false},"excerpt":{"rendered":"<p>Die Insel Albarella liegt im Herzen des Regionalpark Po-Deltas, der zum UNESCO-Weltnaturerbe geh\u00f6rt. Umgeben von einer einzigartigen Landschaft, lockt sie&hellip;<\/p>\n","protected":false},"author":6,"featured_media":3859,"parent":0,"menu_order":201,"comment_status":"closed","ping_status":"closed","template":"","meta":{"_acf_changed":false,"footnotes":""},"class_list":["post-5410","page","type-page","status-publish","has-post-thumbnail","hentry"],"acf":[],"_links":{"self":[{"href":"https:\/\/www.albarella.it\/de\/wp-json\/wp\/v2\/pages\/5410","targetHints":{"allow":["GET"]}}],"collection":[{"href":"https:\/\/www.albarella.it\/de\/wp-json\/wp\/v2\/pages"}],"about":[{"href":"https:\/\/www.albarella.it\/de\/wp-json\/wp\/v2\/types\/page"}],"author":[{"embeddable":true,"href":"https:\/\/www.albarella.it\/de\/wp-json\/wp\/v2\/users\/6"}],"replies":[{"embeddable":true,"href":"https:\/\/www.albarella.it\/de\/wp-json\/wp\/v2\/comments?post=5410"}],"version-history":[{"count":7,"href":"https:\/\/www.albarella.it\/de\/wp-json\/wp\/v2\/pages\/5410\/revisions"}],"predecessor-version":[{"id":11384,"href":"https:\/\/www.albarella.it\/de\/wp-json\/wp\/v2\/pages\/5410\/revisions\/11384"}],"wp:featuredmedia":[{"embeddable":true,"href":"https:\/\/www.albarella.it\/de\/wp-json\/wp\/v2\/media\/3859"}],"wp:attachment":[{"href":"https:\/\/www.albarella.it\/de\/wp-json\/wp\/v2\/media?parent=5410"}],"curies":[{"name":"wp","href":"https:\/\/api.w.org\/{rel}","templated":true}]}}

Albarella für Firmenevents

<p>Die Insel Albarella liegt im Herzen des Regionalpark Po-Deltas, der zum UNESCO-Weltnaturerbe gehört. Umgeben von einer einzigartigen Landschaft, lockt sie mit Lagunen, Strandkiefernwäldern und einer großflächigen Natur und ist dank eines umfassenden Serviceangebots wie geschaffen für Firmentreffen, Incentive-Reisen, Teambuilding, Seminare und Firmenevents in völliger Sicherheit und in einem geschlossenen Rahmen.</p>

<p>Die Insel Albarella liegt im Herzen des Regionalpark Po-Deltas, der zum UNESCO-Weltnaturerbe gehört. Umgeben von einer einzigartigen Landschaft, lockt sie&hellip;</p>
