{"id":5282,"date":"2021-01-07T18:32:04","date_gmt":"2021-01-07T17:32:04","guid":{"rendered":"https:\/\/www.albarella.it\/meeting-e-congressi\/"},"modified":"2022-02-22T12:02:57","modified_gmt":"2022-02-22T11:02:57","slug":"tagungen-und-konferenzen","status":"publish","type":"page","link":"https:\/\/www.albarella.it\/de\/albarella-fuer-firmenevents\/tagungen-und-konferenzen\/","title":{"rendered":"Tagungen und Konferenzen"},"content":{"rendered":"<p>Die Insel Albarella \u2013 mit beschr\u00e4nktem und kontrolliertem Zugang \u2013 verf\u00fcgt \u00fcber zwei Vier-Sterne-Hotels und diverse Ferienh\u00e4user und -wohnungen f\u00fcr die Unterbringung von Gruppen und f\u00fcr die Veranstaltung von kleinen bis mittelgro\u00dfen Firmenevents.<\/p>\n","protected":false},"excerpt":{"rendered":"<p>Die Insel Albarella \u2013 mit beschr\u00e4nktem und kontrolliertem Zugang \u2013 verf\u00fcgt \u00fcber zwei Vier-Sterne-Hotels und diverse Ferienh\u00e4user und -wohnungen f\u00fcr&hellip;<\/p>\n","protected":false},"author":6,"featured_media":0,"parent":5410,"menu_order":205,"comment_status":"closed","ping_status":"closed","template":"","meta":{"_acf_changed":false,"footnotes":""},"class_list":["post-5282","page","type-page","status-publish","hentry"],"acf":[],"_links":{"self":[{"href":"https:\/\/www.albarella.it\/de\/wp-json\/wp\/v2\/pages\/5282","targetHints":{"allow":["GET"]}}],"collection":[{"href":"https:\/\/www.albarella.it\/de\/wp-json\/wp\/v2\/pages"}],"about":[{"href":"https:\/\/www.albarella.it\/de\/wp-json\/wp\/v2\/types\/page"}],"author":[{"embeddable":true,"href":"https:\/\/www.albarella.it\/de\/wp-json\/wp\/v2\/users\/6"}],"replies":[{"embeddable":true,"href":"https:\/\/www.albarella.it\/de\/wp-json\/wp\/v2\/comments?post=5282"}],"version-history":[{"count":3,"href":"https:\/\/www.albarella.it\/de\/wp-json\/wp\/v2\/pages\/5282\/revisions"}],"predecessor-version":[{"id":10849,"href":"https:\/\/www.albarella.it\/de\/wp-json\/wp\/v2\/pages\/5282\/revisions\/10849"}],"up":[{"embeddable":true,"href":"https:\/\/www.albarella.it\/de\/wp-json\/wp\/v2\/pages\/5410"}],"wp:attachment":[{"href":"https:\/\/www.albarella.it\/de\/wp-json\/wp\/v2\/media?parent=5282"}],"curies":[{"name":"wp","href":"https:\/\/api.w.org\/{rel}","templated":true}]}}

<p>Die Insel Albarella – mit beschränktem und kontrolliertem Zugang – verfügt über zwei Vier-Sterne-Hotels und diverse Ferienhäuser und -wohnungen für die Unterbringung von Gruppen und für die Veranstaltung von kleinen bis mittelgroßen Firmenevents.</p>

<p>Die Insel Albarella – mit beschränktem und kontrolliertem Zugang – verfügt über zwei Vier-Sterne-Hotels und diverse Ferienhäuser und -wohnungen für&hellip;</p>
