{"id":4499,"date":"2021-01-07T18:32:04","date_gmt":"2021-01-07T17:32:04","guid":{"rendered":"https:\/\/www.albarella.it\/fitness\/"},"modified":"2025-05-28T16:38:10","modified_gmt":"2025-05-28T14:38:10","slug":"fitness-fitness-und-krafttraining-im-sportparadies","status":"publish","type":"page","link":"https:\/\/www.albarella.it\/de\/sport\/fitness-fitness-und-krafttraining-im-sportparadies\/","title":{"rendered":"Fitness und Krafttraining im Sportparadies"},"content":{"rendered":"<p>F\u00fcr Ihren Fitnessurlaub: Freuen Sie sich auf Gruppenkurse, einen Fitnessraum und einen innovativen Bereich f\u00fcr Krafttraining. Au\u00dferdem: Radwege und Fitnessparcours mit \u00dcbungsstationen zum Kraft- und Konditionsaufbau.<\/p>\n","protected":false},"excerpt":{"rendered":"<p>F\u00fcr Ihren Fitnessurlaub: Freuen Sie sich auf Gruppenkurse, einen Fitnessraum und einen innovativen Bereich f\u00fcr Krafttraining. Au\u00dferdem: Radwege und Fitnessparcours&hellip;<\/p>\n","protected":false},"author":6,"featured_media":3683,"parent":5227,"menu_order":163,"comment_status":"closed","ping_status":"closed","template":"views\/template-sidebar.blade.php","meta":{"_acf_changed":false,"footnotes":""},"class_list":["post-4499","page","type-page","status-publish","has-post-thumbnail","hentry"],"acf":[],"_links":{"self":[{"href":"https:\/\/www.albarella.it\/de\/wp-json\/wp\/v2\/pages\/4499","targetHints":{"allow":["GET"]}}],"collection":[{"href":"https:\/\/www.albarella.it\/de\/wp-json\/wp\/v2\/pages"}],"about":[{"href":"https:\/\/www.albarella.it\/de\/wp-json\/wp\/v2\/types\/page"}],"author":[{"embeddable":true,"href":"https:\/\/www.albarella.it\/de\/wp-json\/wp\/v2\/users\/6"}],"replies":[{"embeddable":true,"href":"https:\/\/www.albarella.it\/de\/wp-json\/wp\/v2\/comments?post=4499"}],"version-history":[{"count":16,"href":"https:\/\/www.albarella.it\/de\/wp-json\/wp\/v2\/pages\/4499\/revisions"}],"predecessor-version":[{"id":20117,"href":"https:\/\/www.albarella.it\/de\/wp-json\/wp\/v2\/pages\/4499\/revisions\/20117"}],"up":[{"embeddable":true,"href":"https:\/\/www.albarella.it\/de\/wp-json\/wp\/v2\/pages\/5227"}],"wp:featuredmedia":[{"embeddable":true,"href":"https:\/\/www.albarella.it\/de\/wp-json\/wp\/v2\/media\/3683"}],"wp:attachment":[{"href":"https:\/\/www.albarella.it\/de\/wp-json\/wp\/v2\/media?parent=4499"}],"curies":[{"name":"wp","href":"https:\/\/api.w.org\/{rel}","templated":true}]}}

<p>Für Ihren Fitnessurlaub: Freuen Sie sich auf Gruppenkurse, einen Fitnessraum und einen innovativen Bereich für Krafttraining. Außerdem: Radwege und Fitnessparcours mit Übungsstationen zum Kraft- und Konditionsaufbau.</p>

<p>Für Ihren Fitnessurlaub: Freuen Sie sich auf Gruppenkurse, einen Fitnessraum und einen innovativen Bereich für Krafttraining. Außerdem: Radwege und Fitnessparcours&hellip;</p>
